se -5*v - z = -219. Is 5 a factor of v?
False
Let n(l) = -79 + 1 + 14 + 45*l. Is n(12) a multiple of 19?
False
Let d = -14843 - -30568. Is d a multiple of 18?
False
Let w = -3981 - -7952. Is 137 a factor of w?
False
Let a be (2 - 1 - 904)*(-304)/24. Suppose -23*g = -a + 1939. Does 8 divide g?
False
Let w(x) be the third derivative of -x**5/15 + x**4/24 - x**3/3 - 15*x**2. Let m be w(-3). Let a = -26 - m. Is 5 a factor of a?
True
Suppose o = p - 686, -4*p + 5*o + 2159 = -587. Let w = 736 - p. Is 4 a factor of w?
True
Let c(q) = -q**3 + 10*q**2 + 5. Let f be c(10). Let g = f - 3. Suppose 4*a = -g*k + 280, -464 - 212 = -5*k - 4*a. Does 11 divide k?
True
Let y be (12 + -2)/1 - 4. Suppose -2*b = -y + 14. Is ((-78)/b)/((30/(-56))/(-5)) a multiple of 13?
True
Suppose -2812816 = -46*u - 60*u. Is u a multiple of 190?
False
Let d(l) be the first derivative of 29*l**3/3 + l**2 + 8*l - 80. Is d(-2) a multiple of 20?
True
Let u(q) = q**3 - 4*q**2 - 7*q + 22. Let i be u(6). Suppose 2*l - i = -2*l. Does 2 divide l?
False
Suppose -g - 15*f = -11*f + 59, -2*f = -4*g - 146. Suppose -5*y + r = -r - 811, 2*y - 4*r = 334. Let q = y + g. Is q a multiple of 12?
False
Suppose -13*n + 3*n = -140. Let m(b) = 26*b + 20. Let v be m(n). Suppose -3*a + v = a. Is a a multiple of 24?
True
Let q = -7017 + 9509. Is 28 a factor of q?
True
Suppose 2*x - 6150 = 2*s + s + 25810, 0 = 3*s. Does 26 divide x?
False
Is (219 + -139)*(1 + (-227)/(-2)) a multiple of 40?
True
Suppose -5*j + 2*p = -875, 104 = 4*j + 3*p - 619. Suppose 417 = 6*g - j. Is 11 a factor of g?
True
Let x(a) = a**3 + 26*a**2 + 65*a + 237. Does 2 divide x(-23)?
False
Does 166 divide (-3320)/3*((-241164)/144)/77?
True
Let u(q) = 16*q**3 + 12*q**2 - 48*q + 36. Let d be u(3). Suppose -79 + 14 = -5*i. Suppose -i*t = -t - d. Does 6 divide t?
True
Let r = -62 - -83. Suppose -30*y + 489 + r = 0. Does 3 divide y?
False
Let x(u) = 57*u**3 - 105*u**2 - 162*u + 231. Let l(k) = 7*k**3 - 13*k**2 - 20*k + 29. Let m(v) = 33*l(v) - 4*x(v). Does 30 divide m(7)?
False
Let f be (10/(-6))/(5 + (-48)/9). Let l be ((-48)/(-3))/(5/(f/2)). Suppose l*i - 270 = 298. Is 16 a factor of i?
False
Let j = 65 + -140. Let h(f) = -55*f**2 - 2197*f + 85. Let o be h(-40). Let r = o - j. Does 7 divide r?
False
Let x = 16 - 27. Let l(a) be the second derivative of -a**5/20 - a**4 - 8*a**3/3 - 7*a**2 + 78*a. Is 9 a factor of l(x)?
False
Suppose -3*w + 6852 = u, -13*w = 2*u - 11*w - 13684. Is 34 a factor of u?
False
Let u = 1411 + 415. Suppose -151*r - u = -153*r. Is r a multiple of 48?
False
Suppose -1069 = 3*o - 3976. Suppose 4*z + 3*l = -z + 1649, 0 = 3*z - 5*l - o. Is z a multiple of 8?
True
Let o(d) = 2*d**2 + 31*d + 45. Let g be o(-14). Is 175/(10/12 - g/(-18)) a multiple of 35?
True
Let c(k) = k + 29. Let b be c(-12). Suppose -17 = -2*m + b. Suppose -u - 2272 = -m*u. Is 38 a factor of u?
False
Suppose 0 = -34*s + 29*s. Suppose -11*i + 2980 + 24355 = s. Does 7 divide ((-1)/5)/((-7)/i)?
False
Let r = -34 - -38. Let y(a) = -a**3 + 5*a**2 - 3*a + 12. Let u be y(r). Let m(g) = 8*g - 30. Is 14 a factor of m(u)?
True
Let f = 84 + -81. Let w be (-4)/f - (-5047)/21. Let p = w - -52. Is 30 a factor of p?
False
Let t be (-19 - -16) + 6/2. Suppose t = 5*q - 3*z + 5, q - 4*z + 23 = z. Suppose 272 = 4*n + 4*p, -q*p + 5*p + 237 = 4*n. Is n a multiple of 7?
True
Let t(s) = -s**2 - 46*s + 76. Is 50 a factor of t(-15)?
False
Let w(t) = 1123*t + 39. Does 70 divide w(7)?
False
Let b(o) = -o**3 + 11*o**2 - 17*o + 25. Let x be b(9). Suppose -2*a = -5*h + 1165, -h = -2*a - x - 199. Is h a multiple of 7?
False
Let w(s) = s**3 + 15*s**2 - 10*s - 20. Does 7 divide w(-11)?
True
Suppose -20*y + 568 = -12*y. Suppose 245 = a - y. Is 37 a factor of a?
False
Suppose -7*v + 308 = -651. Suppose -3*m - v = -257. Suppose -10 = k - m. Does 15 divide k?
True
Suppose 2*m = -3*l + 3960, -7*m - 1980 = -8*m - l. Is m a multiple of 22?
True
Let j be (-8)/24 + (-1)/((-3)/538). Let a = -12 + 17. Suppose j + 471 = a*b. Is b a multiple of 15?
False
Let z(a) = a**3 - a**2 - 4*a - 13. Let u(t) = t**3 - 16*t**2 - 33*t - 28. Let x be u(18). Suppose -3*n - 4*i = -10, 6*n - 4*i = 3*n + x. Does 13 divide z(n)?
True
Suppose 20*d + 749 = -12*d + 39*d. Suppose 2*u = -2, 4*s - 5*u = 205 - 36. Let y = d - s. Is 24 a factor of y?
False
Let v = -1779 - -3560. Suppose m - 3*s = v, 6*m - 5*s = 3*m + 5351. Is m a multiple of 89?
False
Let n = 31190 + -17204. Is 126 a factor of n?
True
Let s be 0/((-20)/80*4*-1). Suppose 9*b - 4644 - 5436 = s. Is b a multiple of 56?
True
Suppose -6*l + 5 = -25. Suppose y + c = l*y - 2, 7 = y + 3*c. Is 115/10*((2 - -1) + y) a multiple of 15?
False
Let b(l) = l - l - 2*l + 14*l**2 - 6. Let h(y) = 66*y + 1383. Let t be h(-21). Is b(t) a multiple of 21?
True
Suppose -2365*i + 2400*i - 88550 = 0. Is 22 a factor of i?
True
Let v = 991 - -18730. Is 37 a factor of v?
True
Suppose -3*m = -5*m. Suppose 4*j - 751 + 67 = m. Does 17 divide j?
False
Does 63 divide (55686/4 - -1) + (1273/38 - 33)?
True
Let c(k) = 4403*k**2 + 267*k - 780. Does 16 divide c(3)?
True
Suppose -5*z = 2*m - 14, -2*z + 5*m + 39 - 45 = 0. Is (6 - 5)*z - (-1140)/3 a multiple of 45?
False
Suppose 11667 = 12*r - 7*r + d, d = -r + 2335. Suppose -3 - r = -5*f - 2*l, 5*f - 4*l = 2348. Is 12 a factor of f?
True
Suppose 0 = -6*m + 5*m. Suppose 2*g - g = m. Suppose 5*b + 14 - 109 = g. Is 3 a factor of b?
False
Let n = -8430 + 13146. Is 12 a factor of n?
True
Let z = -68467 + 97115. Is z a multiple of 21?
False
Suppose -22*s = -34*s - 29*s + 1036275. Is s a multiple of 25?
True
Let k(o) be the second derivative of -o**4/24 + 24*o**3 + 35*o**2/2 - o. Let b(f) be the first derivative of k(f). Is 20 a factor of b(0)?
False
Does 8 divide 4*5/(-310) + (-8136948)/(-1054)?
True
Suppose -f - 3*f = 5*q - 419, 0 = -3*f - 4*q + 314. Let v = f - 26. Does 40 divide v?
True
Let p = -1188 - -343. Let w = -276 - p. Is w a multiple of 20?
False
Let c(l) = 38*l + 6. Let q be (-1)/4 - (3 + (-132)/16). Does 4 divide c(q)?
True
Let p be 4/6 + (-520)/(-3). Suppose 0 = -2*z - r + 579 - 186, z - 4*r - p = 0. Does 13 divide z?
False
Let h = 129 + -431. Let b = 15 - h. Is b a multiple of 68?
False
Let p(m) = m**3 - m**2 - m + 4. Let d be p(0). Suppose 4*q = -4*h - 40, 54*h - 58*h + 3*q - 54 = 0. Is 49 a factor of (d/h)/(3/(-1323))?
True
Let z(m) = -m + 9. Let l be z(3). Suppose 2*x + 4*h + 66 = 0, -l*x + 5*h - 184 = -2*x. Let v = 81 + x. Is 10 a factor of v?
True
Let b be ((-9)/(-3))/(9/(-12)). Does 32 divide 30/((-39)/132*b - 1)?
False
Let g = -793 - -1934. Is 13 a factor of g?
False
Let r be (-2)/23 - ((-29664)/(-69) - 2). Let a = r - -715. Does 14 divide a?
False
Suppose -17*k + 1 = -16*k, 2*l + 5*k - 5727 = 0. Is 172 a factor of l?
False
Let h(k) = -892*k - 23. Is 55 a factor of h(-34)?
True
Let g = 319 + -249. Is 4 a factor of (-207)/15*g/(-21)?
False
Let f be (-21)/3*-8*3/6. Let h be 26/4 - 14/f. Suppose 7*b - h*b - 72 = 0. Is b a multiple of 9?
True
Let l(a) = 9*a**2 - 4*a - 1. Let o be l(2). Let k = 38 - o. Suppose k*r - 1216 = 3*r. Is 38 a factor of r?
True
Let m(h) = -1298*h - 11. Let c be m(-1). Suppose 3*v = 3*t - 6090, -t - 5*v + 713 = -c. Is t a multiple of 25?
True
Suppose 38 = 4*l + 106. Let r = l + 35. Suppose m - 4*k = 8 + r, -k - 89 = -3*m. Is 6 a factor of m?
True
Let k be (-3 - -7) + (3 - 6). Suppose -4*m + 2*d + 16 = 0, -3 = -2*d + k. Suppose -3*g - y + 63 = g, -2*y = m*g - 81. Is g even?
False
Let b(d) = 3*d**3 - 429*d**2 - 1188*d + 143. Is b(146) a multiple of 57?
False
Suppose -t - n = 2*t + 145, 194 = -4*t - n. Let a = t - -51. Suppose a*w = -2, 5*u + 0*w + 3*w = 572. Is u a multiple of 23?
True
Does 60 divide (-1)/12 - (2/10)/(240/(-21097300))?
False
Let b = -226 + 229. Suppose 4*j = 2*c + b*j - 656, 0 = 2*j. Is c a multiple of 22?
False
Suppose 5*z - 528 = -s, 5*s - 3*z = -5*z + 2732. Let w = s + -302. Is 14 a factor of w*((-36)/(-8) - 4)?
False
Let o(q) = q - 6. Suppose 3*i + 2*i = 0. Let d be o(i). Does 13 divide (23 + 3)*((-33)/d - 3)?
True
Let v be (306/(-21)*1)/((-15)/840). Suppose 4*n = -20 + v. Is n a multiple of 8?
False
Let u(g) be the second derivative of 1/4*g**4 + 5/6*g**3 + 0 - 7/2*g**2 + 12*g. Is u(-6) a multiple of 14?
False
Suppose -22820 = 2*x - 9*x. Let z be (-2)/(-6) + 2/(24/x). Suppose -4*y + z = -68. I